n 8/2 - (-40 - (1 - -3)) is divided by 13.
9
Suppose r - 3*i = 23, 0 = -r - 2*i + 4 - 6. Calculate the remainder when 22 is divided by r.
6
Suppose -2*v + 5*k = -37 - 4, -v - 3*k - 7 = 0. Let n be 30/v - (-2)/8. Suppose -n*f + 14 = -3*f. What is the remainder when f is divided by 5?
4
Suppose -3*z = -z + 4*q + 30, -2*z - 21 = -5*q. Let n = z - -19. What is the remainder when 22 is divided by n?
4
Suppose -3*p - 16 = -9*r + 4*r, -2*r = 5*p + 6. Let t be 2/12*p*-12. Suppose o + 3*o + t*a = 88, 42 = 3*o - 5*a. What is the remainder when 55 is divided by o?
17
Let o(h) = -38*h**3 + h + 1. Suppose 4*j = 3*c - 0*c + 15, 4*j - 7 = -5*c. What is the remainder when o(c) is divided by 9/(63/(-10))*-14?
18
Let b(f) = -f**2 - 7*f. Let z(i) = -i**2 + 4*i + 3. Calculate the remainder when b(-5) is divided by z(4).
1
Suppose j - 5 = -z + 21, 0 = -4*j + 5*z + 59. Suppose j = 4*w + 2*y + 3, -3*y + 19 = 4*w. What is the remainder when 15 is divided by w?
3
Let k(v) = -41*v - 9. Calculate the remainder when k(-2) is divided by 177/7 - 2/7.
23
Let g(n) = n**2 - 11*n. Let s be g(6). Let q be s/(-7) - (-4)/(-14). Calculate the remainder when 19 is divided by (2/q)/((-1)/(-14)).
5
Suppose 5*p + 2*l - 5 = 0, -2*p - l + 1 = -0. Let g(b) = -2*b**p + 0*b - b - 2 - 3*b**2 - b**3. Calculate the remainder when g(-2) is divided by 7.
5
Let j(k) = k**2 - 5. Let d = 321 + 18. Calculate the remainder when d/11 - 10/(-55) is divided by j(-4).
9
Suppose 0 = 3*w - 4*o - 17, -2*w = -2*o - 2 - 8. Suppose w*r = 3*n + n + 6, 0 = n. Calculate the remainder when 4 is divided by r.
0
Let q = -11 - -26. Suppose a + 63 = 5*k, 2*k - 2*a - 3*a = 16. What is the remainder when ((-6)/q)/(2/(-190)) is divided by k?
12
Let b(c) = 4*c - 16. What is the remainder when 53 is divided by b(11)?
25
Suppose -5*c - 14 = -3*y - 72, -3*c - 4*y + 58 = 0. Calculate the remainder when 167 is divided by c.
13
Suppose -5*z - 3*k + 102 = -2, -14 = -z - 4*k. Let h be (-36)/2 - (-5)/5. Let w = h + 25. What is the remainder when z is divided by w?
6
Let u = 23 - 11. What is the remainder when 35 is divided by u?
11
Let h be 2 - 2*3/(-6). Suppose -5*r + 25 = -4*f, -4*r - h = -6*r + 3*f. Let p = 118 - 84. What is the remainder when p is divided by r?
7
Let o(g) = 5*g**2 - 3*g - 1. Let l be o(5). Suppose l = 5*s + 19. What is the remainder when 69 is divided by s?
15
Let h(q) = -q + 15. Let g(z) = 4*z - 61. Let c(v) = -2*g(v) - 9*h(v). What is the remainder when 4 is divided by c(15)?
0
What is the remainder when (-726)/(-44)*4/1 is divided by ((-3)/(-9))/((-2)/(-102))?
15
Suppose -44 = -6*f + 5*f. What is the remainder when f is divided by 15?
14
What is the remainder when 74 is divided by 8/(40/75) + 0?
14
Let f(g) = 15*g + 5. Let s(b) = 8*b + 3. Let w(z) = 3*f(z) - 5*s(z). What is the remainder when w(1) is divided by 2?
1
Let i be 0/(-3) + (2 - -35). Let x = i + -19. Calculate the remainder when x is divided by 10.
8
Suppose 0 = -4*i + 5*y + 41, i + 2*y - 3 - 4 = 0. What is the remainder when 34 is divided by i?
7
Let y = 165 + -161. Suppose 0 = 6*d - 2*d - 8, 3*d = 3*m - 24. What is the remainder when m is divided by y?
2
Suppose 34 = 3*a + 5*l - 35, 4*a + l = 92. Calculate the remainder when a is divided by 9.
5
Let c = -93 + 95. Calculate the remainder when c is divided by 2.
0
Let m(l) = 1 - 2*l**3 + 5 + 0*l - l - l**2 + l**3. Calculate the remainder when m(0) is divided by 4.
2
Let r = 305 + -204. What is the remainder when r is divided by 26?
23
Let a = -7 + -2. Calculate the remainder when 23 is divided by (-6)/a*(-2 - -11).
5
Suppose -4*h - 31 = -3*a, -5 - 11 = 4*h. Calculate the remainder when 17 is divided by a.
2
Suppose -13 + 3 = -c. Let g(r) = -r**2 + 13*r - 3. Let v be g(12). Suppose v*i - 3*i = 168. Calculate the remainder when i is divided by c.
8
Suppose 0 = 11*r - 3*r - 1160. What is the remainder when r is divided by 37?
34
Suppose 3*m = 18 + 9. Let t be 5 - (5 + (3 - 6)). Calculate the remainder when 0 + (5 + t)*2 is divided by m.
7
Let r(q) = 9*q - 6. What is the remainder when r(8) is divided by 35?
31
Let q be 37/7 - (-6)/(-21). Suppose 0 = -q*l - k - 3*k + 159, -4*l - k + 125 = 0. What is the remainder when l is divided by (2/((-4)/(-22)))/1?
9
Let y = -13 - -25. What is the remainder when 33 is divided by y?
9
Let p = 39 - 28. Let o = -44 + 63. Suppose -5*x + o + 1 = 0. Calculate the remainder when p is divided by x.
3
Let l = -11 - -23. What is the remainder when 45 is divided by l?
9
Let c(g) = -g**3 + 12*g**2 + 14*g + 4. What is the remainder when 32 is divided by c(13)?
15
Suppose r - 47 = 2*l - 0*l, 5*r = -5*l + 160. Suppose -4*h + 34 = -0*h + 3*i, 2*h = 3*i + 26. What is the remainder when r is divided by h?
7
Suppose -5*v = -0*v + 4*c - 113, v - c = 28. What is the remainder when v is divided by -2 - (2 + (-16 - 2))?
11
Suppose -4*m + 40 = -16. Let j = 86 - 61. Calculate the remainder when j is divided by m.
11
Let h(m) = -20*m + 15. Calculate the remainder when h(-8) is divided by 44.
43
Let t be ((-2)/6)/((-1)/(-15)). Let g = 2 - t. Calculate the remainder when 13 is divided by g.
6
Suppose -3*z + 0*z = -66. Calculate the remainder when z is divided by 18/3*(2 + -1).
4
Let t(k) = 5*k - 3. Calculate the remainder when t(2) is divided by 21/(-28) - (-11)/4.
1
Suppose -4*b = -2*b + 12. Let x(j) = j + 3. Let l be x(b). Calculate the remainder when 20 - (1 - 3 - l) is divided by 10.
9
Let b = -1 + 4. Suppose b*p - 175 = -2*p - 5*a, 0 = -5*a. What is the remainder when p is divided by 18?
17
Let g = -8 + 29. Calculate the remainder when 165 is divided by g.
18
Let d = 25 - -1. What is the remainder when d is divided by 10?
6
Calculate the remainder when 384 is divided by 18001/517 - (-4)/22.
34
Suppose 0 = -y + 58 - 13. Suppose -4*q = -y - 19. Calculate the remainder when q is divided by 9.
7
Suppose -4*p = -12, 0 = -2*f - 0*f - 4*p + 58. Suppose -2*t = t - 36. What is the remainder when f is divided by t?
11
Let z(d) = 95*d + 1. Calculate the remainder when z(1) is divided by 25.
21
Let w(v) = -2*v - 9. Let x be w(-7). Let y = 16 - x. Let z = 48 + -16. What is the remainder when z is divided by y?
10
Let v = -16 + 143. Let n = -287 + v. Calculate the remainder when 16 is divided by n/(-28) + 2/7.
4
Suppose 2*y - 55 = -3*a, 3*a - a = -2. Let l = 9 - -1. Calculate the remainder when y is divided by l.
9
Let j = 4 + 8. Let x(s) = s - 5. Let r be x(6). Let y(z) = 23*z - 1. What is the remainder when y(r) is divided by j?
10
Calculate the remainder when 16 is divided by (1 - -1)/(6/27).
7
Suppose -3*y + 85 = t, -2*y + 89 = y - t. Calculate the remainder when y is divided by 10.
9
Let c = 72 - 41. Let p(v) = 9*v - 146. Calculate the remainder when p(23) is divided by c.
30
Let s(n) = n + 9. Let l be s(-9). Suppose 48 = 4*b - u, b + u = -3*b + 56. Suppose f - b = -l*f. Calculate the remainder when 38 is divided by f.
12
Let p be 2/7 + (-64)/28. What is the remainder when 39 is divided by (-2)/(-4) - 19/p?
9
Let g(t) = -5*t - 3. Let l(u) = u**2 + 7*u + 3. What is the remainder when g(-2) is divided by l(-7)?
1
Suppose 10 = 5*s - 65. Suppose -2*d = k - s - 2, 55 = 4*d - 5*k. Let r = 37 + -18. Calculate the remainder when r is divided by d.
9
Suppose -39 = -2*r - 3*q + 2*q, 5*r + 3*q - 100 = 0. Calculate the remainder when 27 is divided by r.
10
Let v = -21 + 95. Calculate the remainder when v is divided by 19.
17
What is the remainder when 23 is divided by 7*(108/28 + -3)?
5
Suppose 0 = 2*o + 5*u - 23, -o + 2*u = -4*o + 29. Suppose o*y = 4*y - 30. Let t(z) = z + 9. What is the remainder when 9 is divided by t(y)?
0
Let n(i) = -20*i**3 - i**2 - i - 1. Calculate the remainder when n(-1) is divided by 4.
3
Let u = -5 - -5. Suppose s = 5, -3*s + 137 = x - u*x. Let g = x + -76. Calculate the remainder when g is divided by 16.
14
Suppose 0 = -2*y - 3*k - 13, -1 - 1 = -2*y + 2*k. Let c = y - -6. Let w = 3 - 1. What is the remainder when c is divided by w?
0
What is the remainder when 45 is divided by 19 - (3 + 0/(-3))?
13
Suppose -48 = -6*f + 2*f - 4*b, -2*f + 24 = -3*b. Calculate the remainder when f is divided by 5.
2
Let p(k) = -2*k**2 + 6 + 7*k**2 - k + 6*k - k**3. Let o be p(6). Suppose -3*z - 2*f + 25 = o, z = 2*f - 7*f + 17. What is the remainder when z is divided by 3?
1
Let j = 9 - 0. 